{"id":100,"date":"2022-02-08T08:46:02","date_gmt":"2022-02-08T08:46:02","guid":{"rendered":"https:\/\/regionordvest.ro\/?page_id=100"},"modified":"2022-08-26T11:26:25","modified_gmt":"2022-08-26T08:26:25","slug":"evaluare-de-mediu","status":"publish","type":"page","link":"https:\/\/old.regionordvest.ro\/?page_id=100","title":{"rendered":"Evaluare de mediu"},"content":{"rendered":"\n<p>Ministerul Mediului, Apelor \u0219i P\u0103durilor anun\u021b\u0103 publicul interesat asupra lu\u0103rii deciziei de emitere a avizului de mediu concretizat\u0103 prin Avizul de mediu nr. 65\/10.12.2021, \u00een conformitate cu prevederile HG nr. 1076\/2004 privind stabilirea procedurii de realizare a evalu\u0103rii de mediu pentru planuri \u0219i programe, pentru: PROGRAMUL REGIONAL NORD-VEST 2021-2027, titular AGEN\u021aIA DE DEZVOLTARE REGIONAL\u0102 NORD-VEST.<\/p>\n\n\n\n<p>Scopul <strong>\u201eProgramului Regional Nord-Vest 2021-2027\u201d<\/strong> este s\u0103 contribuie la dezvoltarea durabil\u0103, la valorificarea resurselor naturale, materiale \u0219i umane ale Regiunii de Dezvoltare Nord-Vest, \u00een scopul dezvolt\u0103rii sus\u021binute, constante care s\u0103 fac\u0103 din aceasta una din cele mai dinamice regiuni europene, astfel \u00eenc\u00e2t p\u00e2n\u0103 \u00een 2030 s\u0103 existe o re\u021bea de localit\u0103\u021bi interconectate \u0219i inovatoare care folosesc tehnologia pentru facilitarea dezvolt\u0103rii durabile.<\/p>\n\n\n\n<p>Avizul de mediu, motivele care au stat la baza emiterii lui, m\u0103surile privind monitorizarea efectelor asupra mediului \u0219i proiectul de plan \u00een forma avizat\u0103 pot fi consultate la adresele: <a href=\"http:\/\/www.mmediu.ro\/categorie\/programul-operational-regional-nord-vest\/371\">http:\/\/www.mmediu.ro\/categorie\/programul-operational-regional-nord-vest\/371<\/a> \u0219i <a href=\"https:\/\/www.nord-vest.ro\/evaluare-de-mediu-por-nv-2021-2027\/\">https:\/\/www.nord-vest.ro\/evaluare-de-mediu-por-nv-2021-2027\/<\/a>.<\/p>\n\n\n\n<p>ADR Nord-Vest \u00een calitate de titular al Programului Regional Nord-Vest (PR Nord-Vest) 2021-2027 parcurge procedura de evaluare de mediu \u00een vederea ob\u021binerii avizului necesar programului.<\/p>\n\n\n\n<p>Agen\u021bia de Dezvoltare Regional\u0103 Nord-Vest a organizat mar\u021bi, 2 noiembrie 2021, de la ora 16, dezbaterea public\u0103 dedicat\u0103 <strong>SEA\/EA PR NV 2021-2027<\/strong>. Evenimentul a avut loc online prin platforma ZOOM.<\/p>\n\n\n\n<p><strong>ADR Nord-Vest a elaborat documentul strategic PR Nord-Vest 2021-2027<\/strong>\u00a0prin care va sus\u021bine implementarea proiectelor de dezvoltare a regiunii prin finan\u021b\u0103ri din Fondul European pentru Dezvoltare Regional\u0103 (FEDR) \u0219i de la bugetul de stat.<\/p>\n\n\n\n<div class=\"wp-block-file\"><object class=\"wp-block-file__embed\" data=\"https:\/\/www.nord-vest.ro\/wp-content\/uploads\/2021\/09\/POR-NV-sept-2021-v3-site-1.pdf\" type=\"application\/pdf\" style=\"width:100%;height:600px\" aria-label=\"\u00cenglobare pentru <strong&gt;PR Nord-Vest 2021-2027 - Septembrie2021<\/strong&gt;.\"><\/object><a id=\"wp-block-file--media-4a628227-96da-4b1b-ab30-667cc9735a59\" href=\"https:\/\/www.nord-vest.ro\/wp-content\/uploads\/2021\/09\/POR-NV-sept-2021-v3-site-1.pdf\"><strong>PR Nord-Vest 2021-2027 &#8211; Septembrie2021<\/strong><\/a><a href=\"https:\/\/www.nord-vest.ro\/wp-content\/uploads\/2021\/09\/POR-NV-sept-2021-v3-site-1.pdf\" class=\"wp-block-file__button\" download aria-describedby=\"wp-block-file--media-4a628227-96da-4b1b-ab30-667cc9735a59\">Descarc\u0103<\/a><\/div>\n\n\n\n<div class=\"wp-block-file\"><object class=\"wp-block-file__embed\" data=\"https:\/\/www.nord-vest.ro\/wp-content\/uploads\/2021\/09\/Raport-de-mediu-final-POR-NV-2021-2027.pdf\" type=\"application\/pdf\" style=\"width:100%;height:600px\" aria-label=\"\u00cenglobare pentru <strong&gt;Raportul de mediu aferent PR Nord-Vest 2021-2027<\/strong&gt;.\"><\/object><a id=\"wp-block-file--media-57110cb0-d953-4340-b44f-5b6563a3648b\" href=\"https:\/\/www.nord-vest.ro\/wp-content\/uploads\/2021\/09\/Raport-de-mediu-final-POR-NV-2021-2027.pdf\"><strong>Raportul de mediu aferent PR Nord-Vest 2021-2027<\/strong><\/a><a href=\"https:\/\/www.nord-vest.ro\/wp-content\/uploads\/2021\/09\/Raport-de-mediu-final-POR-NV-2021-2027.pdf\" class=\"wp-block-file__button\" download aria-describedby=\"wp-block-file--media-57110cb0-d953-4340-b44f-5b6563a3648b\">Descarc\u0103<\/a><\/div>\n\n\n\n<div class=\"wp-block-file\"><object class=\"wp-block-file__embed\" data=\"https:\/\/www.nord-vest.ro\/wp-content\/uploads\/2021\/09\/EA-POR-NV-2021-2027.pdf\" type=\"application\/pdf\" style=\"width:100%;height:600px\" aria-label=\"\u00cenglobare pentru <strong&gt;Studiul de evaluare adecvat\u0103 pentru PR Nord-Vest 2021-2027<\/strong&gt; .\"><\/object><a id=\"wp-block-file--media-9275680c-7323-4612-afa7-26b3a964e85e\" href=\"https:\/\/www.nord-vest.ro\/wp-content\/uploads\/2021\/09\/EA-POR-NV-2021-2027.pdf\"><strong>Studiul de evaluare adecvat\u0103 pentru PR Nord-Vest 2021-2027<\/strong> <\/a><a href=\"https:\/\/www.nord-vest.ro\/wp-content\/uploads\/2021\/09\/EA-POR-NV-2021-2027.pdf\" class=\"wp-block-file__button\" download aria-describedby=\"wp-block-file--media-9275680c-7323-4612-afa7-26b3a964e85e\">Descarc\u0103<\/a><\/div>\n\n\n\n<p><\/p>\n\n\n\n<p><a rel=\"noreferrer noopener\" href=\"https:\/\/www.nord-vest.ro\/wp-content\/uploads\/2021\/09\/Anexe-EA-POR-NV-2021-2027.zip\" target=\"_blank\"><strong>Anexe ale studiului de evaluare adecvat\u0103 pentru PR NV 2021-2027 &#8211; Descarc\u0103<\/strong><\/a><\/p>\n\n\n\n<p>Se pot transmite observa\u021bii pentru documentele publicate \u00een aceast\u0103 pagin\u0103, din perspectiva impactului implementarii PR Nord-Vest 2021-2027 asupra mediului si biodiversitatii, p\u00e2n\u0103 duminic\u0103, 31 octombrie 2021, c\u0103tre adresele de e-mail: <strong><a href=\"mailto:seapor@nord-vest.ro\">seapor@nord-vest.ro<\/a> \u0219i <a href=\"mailto:office@apmcj.anpm.ro\">office@apmcj.anpm.ro<\/a><\/strong> sau direct la sediul APM Cluj, Calea Doroban\u021bilor 99, Cluj-Napoca, luni-vineri: 9:00 &#8211; 13:00.\u00a0<\/p>\n\n\n\n<p><strong>Dezbaterea public\u0103 dedicat\u0103 SEA\/EA PR NV 2021-2027 a avut loc mar\u021bi, 2 noiembrie 2021, de la ora 16.<\/strong><\/p>\n\n\n\n<p>Pentru conectarea \u00een cadrul dezbaterii <strong><a href=\"http:\/\/02web.zoom.us\/j\/86343311624?pwd=MGswdTBUMGI3TVZQOFpGTjZpVFN2Zz09\" target=\"_blank\" rel=\"noreferrer noopener\">click aici<\/a><\/strong><\/p>\n","protected":false},"excerpt":{"rendered":"<p>Ministerul Mediului, Apelor \u0219i P\u0103durilor anun\u021b\u0103 publicul interesat asupra lu\u0103rii deciziei de emitere a avizului de mediu concretizat\u0103 prin Avizul de mediu nr. 65\/10.12.2021, \u00een conformitate cu prevederile HG nr. 1076\/2004 privind stabilirea procedurii de realizare a evalu\u0103rii de mediu pentru planuri \u0219i programe, pentru: PROGRAMUL REGIONAL NORD-VEST 2021-2027, titular AGEN\u021aIA DE DEZVOLTARE REGIONAL\u0102 NORD-VEST. [&hellip;]<\/p>\n","protected":false},"author":1,"featured_media":0,"parent":0,"menu_order":0,"comment_status":"closed","ping_status":"closed","template":"templates\/template-full-width.php","meta":{"beyondwords_generate_audio":"","beyondwords_project_id":"","beyondwords_podcast_id":"","beyondwords_hash":"","beyondwords_error_message":"","beyondwords_disabled":"","publish_post_to_speechkit":"","speechkit_generate_audio":"","speechkit_project_id":"","speechkit_podcast_id":"","speechkit_hash":"","speechkit_error_message":"","speechkit_disabled":"","speechkit_access_key":"","speechkit_error":"","speechkit_info":"","speechkit_response":"","speechkit_retries":"","speechkit_status":"","_speechkit_disable_generate_audio":"","_speechkit_link":"","_speechkit_text":""},"_links":{"self":[{"href":"https:\/\/old.regionordvest.ro\/index.php?rest_route=\/wp\/v2\/pages\/100"}],"collection":[{"href":"https:\/\/old.regionordvest.ro\/index.php?rest_route=\/wp\/v2\/pages"}],"about":[{"href":"https:\/\/old.regionordvest.ro\/index.php?rest_route=\/wp\/v2\/types\/page"}],"author":[{"embeddable":true,"href":"https:\/\/old.regionordvest.ro\/index.php?rest_route=\/wp\/v2\/users\/1"}],"replies":[{"embeddable":true,"href":"https:\/\/old.regionordvest.ro\/index.php?rest_route=%2Fwp%2Fv2%2Fcomments&post=100"}],"version-history":[{"count":11,"href":"https:\/\/old.regionordvest.ro\/index.php?rest_route=\/wp\/v2\/pages\/100\/revisions"}],"predecessor-version":[{"id":662,"href":"https:\/\/old.regionordvest.ro\/index.php?rest_route=\/wp\/v2\/pages\/100\/revisions\/662"}],"wp:attachment":[{"href":"https:\/\/old.regionordvest.ro\/index.php?rest_route=%2Fwp%2Fv2%2Fmedia&parent=100"}],"curies":[{"name":"wp","href":"https:\/\/api.w.org\/{rel}","templated":true}]}}