{"id":101,"date":"2022-02-08T08:46:02","date_gmt":"2022-02-08T06:46:02","guid":{"rendered":"https:\/\/regionordvest.ro\/?page_id=101"},"modified":"2022-08-26T13:10:05","modified_gmt":"2022-08-26T10:10:05","slug":"dezbateri-publice","status":"publish","type":"page","link":"https:\/\/old.regionordvest.ro\/?page_id=101","title":{"rendered":"Dezbateri publice"},"content":{"rendered":"\n<h2 id=\"prioritatea-1-o-regiune-competitiva-prin-inovare-digitalizare-\u0219i-intreprinderi-dinamice\">Prioritatea 1 &#8211; O regiune competitiv\u0103 prin inovare, digitalizare \u0219i \u00eentreprinderi dinamice<\/h2>\n\n\n\n<figure class=\"wp-block-embed is-type-video is-provider-youtube wp-block-embed-youtube wp-embed-aspect-16-9 wp-has-aspect-ratio\"><div class=\"wp-block-embed__wrapper\">\n<iframe loading=\"lazy\" title=\"Dezbatere POR Nord-Vest 2021-2027, 21 Septembrie 2021 - Prioritatea 1\" width=\"580\" height=\"326\" src=\"https:\/\/www.youtube.com\/embed\/g8pyIlgHai0?feature=oembed\" frameborder=\"0\" allow=\"accelerometer; autoplay; clipboard-write; encrypted-media; gyroscope; picture-in-picture\" allowfullscreen><\/iframe>\n<\/div><\/figure>\n\n\n\n<h2 id=\"prioritatea-2-o-regiune-cu-localita\u021bi-smart\">Prioritatea 2 &#8211; O regiune cu localit\u0103\u021bi SMART<\/h2>\n\n\n\n<figure class=\"wp-block-embed is-type-video is-provider-youtube wp-block-embed-youtube wp-embed-aspect-16-9 wp-has-aspect-ratio\"><div class=\"wp-block-embed__wrapper\">\n<iframe loading=\"lazy\" title=\"Dezbatere POR Nord-Vest 2021-2027, 21 Septembrie 2021 - Prioritatea 2\" width=\"580\" height=\"326\" src=\"https:\/\/www.youtube.com\/embed\/RvOYQDimqzg?feature=oembed\" frameborder=\"0\" allow=\"accelerometer; autoplay; clipboard-write; encrypted-media; gyroscope; picture-in-picture\" allowfullscreen><\/iframe>\n<\/div><\/figure>\n\n\n\n<h2 id=\"prioritatea-3-o-regiune-cu-localita\u021bi-prietenoase-cu-mediul\">Prioritatea 3 &#8211; O regiune cu localit\u0103\u021bi prietenoase cu mediul<\/h2>\n\n\n\n<figure class=\"wp-block-embed is-type-video is-provider-youtube wp-block-embed-youtube wp-embed-aspect-16-9 wp-has-aspect-ratio\"><div class=\"wp-block-embed__wrapper\">\n<iframe loading=\"lazy\" title=\"Dezbatere POR Nord-Vest 2021-2027, 22 Septembrie 2021 - Prioritatea 3\" width=\"580\" height=\"326\" src=\"https:\/\/www.youtube.com\/embed\/ScbS9rV9f1s?feature=oembed\" frameborder=\"0\" allow=\"accelerometer; autoplay; clipboard-write; encrypted-media; gyroscope; picture-in-picture\" allowfullscreen><\/iframe>\n<\/div><\/figure>\n\n\n\n<h2 id=\"prioritatea-4-o-regiune-cu-mobilitate-urbana-multimodala-sustenabila\">Prioritatea 4 &#8211; O regiune cu mobilitate urban\u0103 multimodal\u0103 sustenabil\u0103<\/h2>\n\n\n\n<figure class=\"wp-block-embed is-type-video is-provider-youtube wp-block-embed-youtube wp-embed-aspect-16-9 wp-has-aspect-ratio\"><div class=\"wp-block-embed__wrapper\">\n<iframe loading=\"lazy\" title=\"Dezbatere POR Nord-Vest 2021-2027, 22 Septembrie 2021 - Prioritatea 4\" width=\"580\" height=\"326\" src=\"https:\/\/www.youtube.com\/embed\/W3ScAxqWp7A?feature=oembed\" frameborder=\"0\" allow=\"accelerometer; autoplay; clipboard-write; encrypted-media; gyroscope; picture-in-picture\" allowfullscreen><\/iframe>\n<\/div><\/figure>\n\n\n\n<h2 id=\"prioritatea-5-o-regiune-accesibila\">Prioritatea 5 &#8211; O regiune accesibil\u0103<\/h2>\n\n\n\n<figure class=\"wp-block-embed is-type-video is-provider-youtube wp-block-embed-youtube wp-embed-aspect-16-9 wp-has-aspect-ratio\"><div class=\"wp-block-embed__wrapper\">\n<iframe loading=\"lazy\" title=\"Dezbateri POR Nord-Vest 2021-2027, 23 Septembrie 2021 - Prioritatea 5\" width=\"580\" height=\"326\" src=\"https:\/\/www.youtube.com\/embed\/e0Z7G0PeJIo?feature=oembed\" frameborder=\"0\" allow=\"accelerometer; autoplay; clipboard-write; encrypted-media; gyroscope; picture-in-picture\" allowfullscreen><\/iframe>\n<\/div><\/figure>\n\n\n\n<h2 id=\"prioritatea-6-o-regiune-educata\">Prioritatea 6 &#8211; O regiune educat\u0103<\/h2>\n\n\n\n<figure class=\"wp-block-embed is-type-video is-provider-youtube wp-block-embed-youtube wp-embed-aspect-16-9 wp-has-aspect-ratio\"><div class=\"wp-block-embed__wrapper\">\n<iframe loading=\"lazy\" title=\"Dezbatere POR Nord-Vest 2021-2027, 28 Septembrie 2021 - Prioritatea 6\" width=\"580\" height=\"326\" src=\"https:\/\/www.youtube.com\/embed\/XebDnTyT7jg?feature=oembed\" frameborder=\"0\" allow=\"accelerometer; autoplay; clipboard-write; encrypted-media; gyroscope; picture-in-picture\" allowfullscreen><\/iframe>\n<\/div><\/figure>\n\n\n\n<h2 id=\"prioritatea-7-o-regiune-atractiva\">Prioritatea 7 &#8211; O regiune atractiv\u0103<\/h2>\n\n\n\n<figure class=\"wp-block-embed is-type-video is-provider-youtube wp-block-embed-youtube wp-embed-aspect-16-9 wp-has-aspect-ratio\"><div class=\"wp-block-embed__wrapper\">\n<iframe loading=\"lazy\" title=\"Dezbatere POR Nord-Vest 2021-2027, 29 Septembrie 2021 - Prioritatea 7\" width=\"580\" height=\"326\" src=\"https:\/\/www.youtube.com\/embed\/zIPPaDA5oZg?feature=oembed\" frameborder=\"0\" allow=\"accelerometer; autoplay; clipboard-write; encrypted-media; gyroscope; picture-in-picture\" allowfullscreen><\/iframe>\n<\/div><\/figure>\n","protected":false},"excerpt":{"rendered":"<p>Prioritatea 1 &#8211; O regiune competitiv\u0103 prin inovare, digitalizare \u0219i \u00eentreprinderi dinamice Prioritatea 2 &#8211; O regiune cu localit\u0103\u021bi SMART Prioritatea 3 &#8211; O regiune cu localit\u0103\u021bi prietenoase cu mediul Prioritatea 4 &#8211; O regiune cu mobilitate urban\u0103 multimodal\u0103 sustenabil\u0103 Prioritatea 5 &#8211; O regiune accesibil\u0103 Prioritatea 6 &#8211; O regiune educat\u0103 Prioritatea 7 &#8211; [&hellip;]<\/p>\n","protected":false},"author":1,"featured_media":0,"parent":0,"menu_order":0,"comment_status":"closed","ping_status":"closed","template":"templates\/template-full-width.php","meta":{"beyondwords_generate_audio":"","beyondwords_project_id":"","beyondwords_podcast_id":"","beyondwords_hash":"","beyondwords_error_message":"","beyondwords_disabled":"","publish_post_to_speechkit":"","speechkit_generate_audio":"","speechkit_project_id":"","speechkit_podcast_id":"","speechkit_hash":"","speechkit_error_message":"","speechkit_disabled":"","speechkit_access_key":"","speechkit_error":"","speechkit_info":"","speechkit_response":"","speechkit_retries":"","speechkit_status":"","_speechkit_disable_generate_audio":"","_speechkit_link":"","_speechkit_text":""},"_links":{"self":[{"href":"https:\/\/old.regionordvest.ro\/index.php?rest_route=\/wp\/v2\/pages\/101"}],"collection":[{"href":"https:\/\/old.regionordvest.ro\/index.php?rest_route=\/wp\/v2\/pages"}],"about":[{"href":"https:\/\/old.regionordvest.ro\/index.php?rest_route=\/wp\/v2\/types\/page"}],"author":[{"embeddable":true,"href":"https:\/\/old.regionordvest.ro\/index.php?rest_route=\/wp\/v2\/users\/1"}],"replies":[{"embeddable":true,"href":"https:\/\/old.regionordvest.ro\/index.php?rest_route=%2Fwp%2Fv2%2Fcomments&post=101"}],"version-history":[{"count":3,"href":"https:\/\/old.regionordvest.ro\/index.php?rest_route=\/wp\/v2\/pages\/101\/revisions"}],"predecessor-version":[{"id":685,"href":"https:\/\/old.regionordvest.ro\/index.php?rest_route=\/wp\/v2\/pages\/101\/revisions\/685"}],"wp:attachment":[{"href":"https:\/\/old.regionordvest.ro\/index.php?rest_route=%2Fwp%2Fv2%2Fmedia&parent=101"}],"curies":[{"name":"wp","href":"https:\/\/api.w.org\/{rel}","templated":true}]}}