{"id":63,"date":"2022-02-08T08:38:23","date_gmt":"2022-02-08T08:38:23","guid":{"rendered":"https:\/\/regionordvest.ro\/?page_id=63"},"modified":"2022-08-24T12:36:50","modified_gmt":"2022-08-24T09:36:50","slug":"prioritatea-1","status":"publish","type":"page","link":"https:\/\/old.regionordvest.ro\/?page_id=63","title":{"rendered":"Prioritatea 1"},"content":{"rendered":"\n<h2 id=\"o-regiune-competitiva-prin-inovare-digitalizare-\u0219i-intreprinderi-dinamice\"><\/h2>\n\n\n\n<figure class=\"wp-block-image size-large is-resized\"><img loading=\"lazy\" src=\"https:\/\/regionordvest.ro\/wp-content\/uploads\/2022\/08\/Prioritatea-1-1024x346.png\" alt=\"\" class=\"wp-image-493\" width=\"437\" height=\"148\" srcset=\"https:\/\/old.regionordvest.ro\/wp-content\/uploads\/2022\/08\/Prioritatea-1-1024x346.png 1024w, https:\/\/old.regionordvest.ro\/wp-content\/uploads\/2022\/08\/Prioritatea-1-300x101.png 300w, https:\/\/old.regionordvest.ro\/wp-content\/uploads\/2022\/08\/Prioritatea-1-768x260.png 768w, https:\/\/old.regionordvest.ro\/wp-content\/uploads\/2022\/08\/Prioritatea-1-1536x519.png 1536w, https:\/\/old.regionordvest.ro\/wp-content\/uploads\/2022\/08\/Prioritatea-1-1200x406.png 1200w, https:\/\/old.regionordvest.ro\/wp-content\/uploads\/2022\/08\/Prioritatea-1.png 1662w\" sizes=\"(max-width: 437px) 100vw, 437px\" \/><\/figure>\n\n\n\n<p>Obiectivul de politic\u0103 1: <strong>O Europ\u0103 mai competitiv\u0103 \u0219i mai inteligent\u0103<\/strong><\/p>\n\n\n<div class=\"wp-block-image\">\n<figure class=\"alignleft size-full is-resized\"><img loading=\"lazy\" src=\"https:\/\/regionordvest.ro\/wp-content\/uploads\/2022\/08\/Smarter-Europe.png\" alt=\"\" class=\"wp-image-531\" width=\"158\" height=\"157\" srcset=\"https:\/\/old.regionordvest.ro\/wp-content\/uploads\/2022\/08\/Smarter-Europe.png 667w, https:\/\/old.regionordvest.ro\/wp-content\/uploads\/2022\/08\/Smarter-Europe-300x300.png 300w, https:\/\/old.regionordvest.ro\/wp-content\/uploads\/2022\/08\/Smarter-Europe-150x150.png 150w\" sizes=\"(max-width: 158px) 100vw, 158px\" \/><\/figure><\/div>\n\n\n<p>Obiectivele specifice:<\/p>\n\n\n\n<p><strong><em>a (i)<\/em><\/strong><strong> <\/strong>dezvoltarea \u0219i cre\u0219terea capacit\u0103\u021bilor de cercetare \u0219i inovare \u0219i adoptarea tehnologiilor avansate;<\/p>\n\n\n\n<p><strong><em>a (ii)<\/em><\/strong> valorificarea avantajelor digitaliz\u0103rii, \u00een beneficiul cet\u0103\u021benilor, al companiilor, al organiza\u021biilor de cercetare \u0219i al autorit\u0103\u021bilor publice;<\/p>\n\n\n\n<p><strong><em>a (iii)<\/em><\/strong> intensificarea cre\u0219terii durabile \u0219i a competitivit\u0103\u021bii IMM-urilor \u0219i crearea de locuri de munc\u0103 \u00een cadrul IMM-urilor, inclusiv prin investi\u021bii productive;<\/p>\n\n\n\n<p><strong><em>a (iv)<\/em><\/strong> dezvoltarea competentelor pentru specializare inteligent\u0103, tranzi\u021bie industrial\u0103 \u0219i antreprenoriat.<\/p>\n\n\n\n<p>Alocarea financiar\u0103 (FEDR): <strong>278.719.212,00 EUR<\/strong><\/p>\n\n\n\n<p><strong><em>OS a (i)<\/em><\/strong>: <strong>47.409.726,00 EUR<\/strong><\/p>\n\n\n\n<p><strong><em>OS a (ii)<\/em><\/strong>:<strong>14.250.000,00 EUR<\/strong><\/p>\n\n\n\n<p><strong><em>OS a (iii)<\/em><\/strong>:<strong> 215.359.486,00 EUR<\/strong><\/p>\n\n\n\n<p><strong><em>OS a (iv)<\/em><\/strong>: <strong>1.700.000,00 EUR<\/strong><\/p>\n\n\n\n<p>Ac\u021biunile preconizate:<\/p>\n\n\n\n<ul><li>Dezvoltarea structurilor CDI \u00een cadrul \u00eentreprinderilor din domeniile de specializare inteligent\u0103 \u0219i valorificarea rezultatelor \u00een pia\u021b\u0103 (proiecte CDI&amp;transfer \u00een pia\u021b\u0103);<\/li><li>Dezvoltarea structurilor CDI \u00een \u00eentreprinderi nou \u00eenfiin\u021bate inovatoare din domeniile de specializare inteligent\u0103;<\/li><li>Sprijinirea organiza\u021biilor publice de cercetare pentru cercetare \u00een colaborare;<\/li><li>Dezvoltarea ecosistemului de transfer tehnologic;<\/li><li>Transformarea digital\u0103 a IMM-urilor;<\/li><li>Cre\u0219terea competitivit\u0103\u021bii IMM-urilor;<\/li><li>Sprijinirea ecosistemului antreprenorial regional, \u00eencurajarea dezvolt\u0103rii diferitelor forme specifice de antreprenoriat, precum structuri de sprijin pentru IMM-uri (incubatoare, acceleratoare, parcuri de specializare inteligent\u0103);<\/li><li>Dezvoltarea competen\u021belor la nivelul IMM-urilor si a entit\u0103\u021bilor CDI.<\/li><\/ul>\n\n\n\n<p> <\/p>\n\n\n\n<figure class=\"wp-block-embed is-type-video is-provider-youtube wp-block-embed-youtube wp-embed-aspect-16-9 wp-has-aspect-ratio\"><div class=\"wp-block-embed__wrapper\">\n<iframe loading=\"lazy\" title=\"Dezbatere POR Nord-Vest 2021-2027, 21 Septembrie 2021 - Prioritatea 1\" width=\"580\" height=\"326\" src=\"https:\/\/www.youtube.com\/embed\/g8pyIlgHai0?feature=oembed\" frameborder=\"0\" allow=\"accelerometer; autoplay; clipboard-write; encrypted-media; gyroscope; picture-in-picture\" allowfullscreen><\/iframe>\n<\/div><\/figure>\n","protected":false},"excerpt":{"rendered":"<p>Obiectivul de politic\u0103 1: O Europ\u0103 mai competitiv\u0103 \u0219i mai inteligent\u0103 Obiectivele specifice: a (i) dezvoltarea \u0219i cre\u0219terea capacit\u0103\u021bilor de cercetare \u0219i inovare \u0219i adoptarea tehnologiilor avansate; a (ii) valorificarea avantajelor digitaliz\u0103rii, \u00een beneficiul cet\u0103\u021benilor, al companiilor, al organiza\u021biilor de cercetare \u0219i al autorit\u0103\u021bilor publice; a (iii) intensificarea cre\u0219terii durabile \u0219i a competitivit\u0103\u021bii IMM-urilor \u0219i [&hellip;]<\/p>\n","protected":false},"author":1,"featured_media":0,"parent":0,"menu_order":0,"comment_status":"closed","ping_status":"closed","template":"templates\/template-full-width.php","meta":{"beyondwords_generate_audio":"0","beyondwords_project_id":"","beyondwords_podcast_id":"","beyondwords_hash":"","beyondwords_error_message":"","beyondwords_disabled":"","publish_post_to_speechkit":"","speechkit_generate_audio":"","speechkit_project_id":"","speechkit_podcast_id":"","speechkit_hash":"","speechkit_error_message":"","speechkit_disabled":"","speechkit_access_key":"","speechkit_error":"","speechkit_info":"","speechkit_response":"","speechkit_retries":"","speechkit_status":"","_speechkit_disable_generate_audio":"","_speechkit_link":"","_speechkit_text":""},"_links":{"self":[{"href":"https:\/\/old.regionordvest.ro\/index.php?rest_route=\/wp\/v2\/pages\/63"}],"collection":[{"href":"https:\/\/old.regionordvest.ro\/index.php?rest_route=\/wp\/v2\/pages"}],"about":[{"href":"https:\/\/old.regionordvest.ro\/index.php?rest_route=\/wp\/v2\/types\/page"}],"author":[{"embeddable":true,"href":"https:\/\/old.regionordvest.ro\/index.php?rest_route=\/wp\/v2\/users\/1"}],"replies":[{"embeddable":true,"href":"https:\/\/old.regionordvest.ro\/index.php?rest_route=%2Fwp%2Fv2%2Fcomments&post=63"}],"version-history":[{"count":12,"href":"https:\/\/old.regionordvest.ro\/index.php?rest_route=\/wp\/v2\/pages\/63\/revisions"}],"predecessor-version":[{"id":588,"href":"https:\/\/old.regionordvest.ro\/index.php?rest_route=\/wp\/v2\/pages\/63\/revisions\/588"}],"wp:attachment":[{"href":"https:\/\/old.regionordvest.ro\/index.php?rest_route=%2Fwp%2Fv2%2Fmedia&parent=63"}],"curies":[{"name":"wp","href":"https:\/\/api.w.org\/{rel}","templated":true}]}}